Back to Multiple platform build/check report for BioC 3.22:   simplified   long
A[B]CDEFGHIJKLMNOPQRSTUVWXYZ

This page was generated on 2025-10-11 12:03 -0400 (Sat, 11 Oct 2025).

HostnameOSArch (*)R versionInstalled pkgs
nebbiolo2Linux (Ubuntu 24.04.3 LTS)x86_644.5.1 Patched (2025-08-23 r88802) -- "Great Square Root" 4864
lconwaymacOS 12.7.1 Montereyx86_644.5.1 Patched (2025-09-10 r88807) -- "Great Square Root" 4652
kjohnson3macOS 13.7.7 Venturaarm644.5.1 Patched (2025-09-10 r88807) -- "Great Square Root" 4597
taishanLinux (openEuler 24.03 LTS)aarch644.5.0 (2025-04-11) -- "How About a Twenty-Six" 4586
Click on any hostname to see more info about the system (e.g. compilers)      (*) as reported by 'uname -p', except on Windows and Mac OS X

Package 232/2346HostnameOS / ArchINSTALLBUILDCHECKBUILD BIN
blase 0.99.3  (landing page)
Andrew McCluskey
Snapshot Date: 2025-10-10 13:45 -0400 (Fri, 10 Oct 2025)
git_url: https://git.bioconductor.org/packages/blase
git_branch: devel
git_last_commit: 59f88c1
git_last_commit_date: 2025-10-01 12:07:26 -0400 (Wed, 01 Oct 2025)
nebbiolo2Linux (Ubuntu 24.04.3 LTS) / x86_64  OK    OK    ERROR  
lconwaymacOS 12.7.1 Monterey / x86_64  OK    OK    OK    OK  UNNEEDED, same version is already published
kjohnson3macOS 13.7.7 Ventura / arm64  OK    OK    OK    OK  UNNEEDED, same version is already published
taishanLinux (openEuler 24.03 LTS) / aarch64  OK    OK    OK  


CHECK results for blase on nebbiolo2

To the developers/maintainers of the blase package:
- Allow up to 24 hours (and sometimes 48 hours) for your latest push to git@git.bioconductor.org:packages/blase.git to reflect on this report. See Troubleshooting Build Report for more information.
- Use the following Renviron settings to reproduce errors and warnings.
- If 'R CMD check' started to fail recently on the Linux builder(s) over a missing dependency, add the missing dependency to 'Suggests:' in your DESCRIPTION file. See Renviron.bioc for more information.

raw results


Summary

Package: blase
Version: 0.99.3
Command: /home/biocbuild/bbs-3.22-bioc/R/bin/R CMD check --install=check:blase.install-out.txt --library=/home/biocbuild/bbs-3.22-bioc/R/site-library --timings blase_0.99.3.tar.gz
StartedAt: 2025-10-10 21:49:45 -0400 (Fri, 10 Oct 2025)
EndedAt: 2025-10-10 22:01:11 -0400 (Fri, 10 Oct 2025)
EllapsedTime: 686.1 seconds
RetCode: 1
Status:   ERROR  
CheckDir: blase.Rcheck
Warnings: NA

Command output

##############################################################################
##############################################################################
###
### Running command:
###
###   /home/biocbuild/bbs-3.22-bioc/R/bin/R CMD check --install=check:blase.install-out.txt --library=/home/biocbuild/bbs-3.22-bioc/R/site-library --timings blase_0.99.3.tar.gz
###
##############################################################################
##############################################################################


* using log directory ‘/home/biocbuild/bbs-3.22-bioc/meat/blase.Rcheck’
* using R version 4.5.1 Patched (2025-08-23 r88802)
* using platform: x86_64-pc-linux-gnu
* R was compiled by
    gcc (Ubuntu 13.3.0-6ubuntu2~24.04) 13.3.0
    GNU Fortran (Ubuntu 13.3.0-6ubuntu2~24.04) 13.3.0
* running under: Ubuntu 24.04.3 LTS
* using session charset: UTF-8
* checking for file ‘blase/DESCRIPTION’ ... OK
* this is package ‘blase’ version ‘0.99.3’
* package encoding: UTF-8
* checking package namespace information ... OK
* checking package dependencies ... OK
* checking if this is a source package ... OK
* checking if there is a namespace ... OK
* checking for hidden files and directories ... OK
* checking for portable file names ... OK
* checking for sufficient/correct file permissions ... OK
* checking whether package ‘blase’ can be installed ... OK
* checking installed package size ... INFO
  installed size is  5.2Mb
  sub-directories of 1Mb or more:
    data   4.6Mb
* checking package directory ... OK
* checking ‘build’ directory ... OK
* checking DESCRIPTION meta-information ... OK
* checking top-level files ... OK
* checking for left-over files ... OK
* checking index information ... OK
* checking package subdirectories ... OK
* checking code files for non-ASCII characters ... OK
* checking R files for syntax errors ... OK
* checking whether the package can be loaded ... OK
* checking whether the package can be loaded with stated dependencies ... OK
* checking whether the package can be unloaded cleanly ... OK
* checking whether the namespace can be loaded with stated dependencies ... OK
* checking whether the namespace can be unloaded cleanly ... OK
* checking loading without being on the library search path ... OK
* checking dependencies in R code ... OK
* checking S3 generic/method consistency ... OK
* checking replacement functions ... OK
* checking foreign function calls ... OK
* checking R code for possible problems ... OK
* checking Rd files ... OK
* checking Rd metadata ... OK
* checking Rd cross-references ... NOTE
Non-topic package-anchored link(s) in Rd file 'plot_mapping_result.Rd':
  ‘[scater:plot_reddim]{scater::plotUMAP()}’

See section 'Cross-references' in the 'Writing R Extensions' manual.
* checking for missing documentation entries ... OK
* checking for code/documentation mismatches ... OK
* checking Rd \usage sections ... OK
* checking Rd contents ... OK
* checking for unstated dependencies in examples ... OK
* checking contents of ‘data’ directory ... OK
* checking data for non-ASCII characters ... OK
* checking data for ASCII and uncompressed saves ... OK
* checking files in ‘vignettes’ ... OK
* checking examples ... OK
Examples with CPU (user + system) or elapsed time > 5s
                                   user system elapsed
calculate_gene_peakedness        24.890  0.348  25.494
plot_gene_peakedness             24.572  0.208  25.209
gene_peakedness_spread_selection 22.500  0.247  23.057
smooth_gene                      22.521  0.104  22.962
evaluate_parameters              13.233  0.157  13.443
plot_mapping_result               7.969  0.110   8.319
find_best_params                  6.841  0.159   7.009
plot_find_best_params_results     5.563  0.036   5.712
* checking for unstated dependencies in ‘tests’ ... OK
* checking tests ...
  Running ‘testthat.R’
 OK
* checking for unstated dependencies in vignettes ... OK
* checking package vignettes ... OK
* checking re-building of vignette outputs ... ERROR
Error(s) in re-building vignettes:
--- re-building ‘BLASE-for-annotating-scRNA-seq.Rmd’ using rmarkdown
Failed with error:  'there is no package called 'GenomeInfoDb''

Quitting from BLASE-for-annotating-scRNA-seq.Rmd:60-70 [sc_umaps]
~~~~~~~~~~~~~~~~~~~~~~~~~~~~~~~~~~~~~~~~~~~~~~~~~~~~~~~~~~~~~~~~~~~~~~~~~~~~~~~~
<error/rlang_error>
Error in `.requirePackage()`:
! unable to load required package 'GenomeInfoDb'
---
Backtrace:
     ▆
  1. ├─scater::plotUMAP(MCA_PF_SCE, colour_by = "STAGE_HR")
  2. │ └─scater::plotReducedDim(...)
  3. │   ├─base::as.matrix(reducedDim(object, dimred))
  4. │   ├─SingleCellExperiment::reducedDim(object, dimred)
  5. │   └─SingleCellExperiment::reducedDim(object, dimred)
  6. │     └─SingleCellExperiment (local) .local(x, type, ...)
  7. │       └─SingleCellExperiment:::.get_internal_character(...)
  8. │         ├─BiocGenerics::updateObject(x)
  9. │         └─SingleCellExperiment::updateObject(x)
 10. │           ├─methods::callNextMethod()
 11. │           └─SummarizedExperiment (local) .nextMethod(object = object)
 12. │             ├─BiocGenerics::updateObject(object@rowRanges, ..., verbose = verbose)
 13. │             └─GenomicRanges::updateObject(object@rowRanges, ..., verbose = verbose)
 14. │               ├─BiocGenerics::updateObject(object@unlistData, ..., verbose = verbose)
 15. │               └─GenomicRanges::updateObject(object@unlistData, ..., verbose = verbose)
 16. │                 └─BiocGenerics::updateObject(object@seqinfo, ..., verbose = verbose)
 17. └─methods:::.extendsForS3(`<chr>`)
 18.   └─methods::extends(Class, maybe = FALSE)
 19.     └─methods::getClassDef(class1)
 20.       └─methods:::.requirePackage(package)
~~~~~~~~~~~~~~~~~~~~~~~~~~~~~~~~~~~~~~~~~~~~~~~~~~~~~~~~~~~~~~~~~~~~~~~~~~~~~~~~

Error: processing vignette 'BLASE-for-annotating-scRNA-seq.Rmd' failed with diagnostics:
unable to load required package 'GenomeInfoDb'
--- failed re-building ‘BLASE-for-annotating-scRNA-seq.Rmd’

--- re-building ‘BLASE-for-excluding-developmental-genes-from-bulk-RNA-seq.Rmd’ using rmarkdown
Failed with error:  'there is no package called 'GenomeInfoDb''

Quitting from BLASE-for-excluding-developmental-genes-from-bulk-RNA-seq.Rmd:59-69 [sc_umaps]
~~~~~~~~~~~~~~~~~~~~~~~~~~~~~~~~~~~~~~~~~~~~~~~~~~~~~~~~~~~~~~~~~~~~~~~~~~~~~~~~
<error/rlang_error>
Error in `.requirePackage()`:
! unable to load required package 'GenomeInfoDb'
---
Backtrace:
     ▆
  1. ├─scater::plotUMAP(MCA_PF_SCE, colour_by = "STAGE_HR")
  2. │ └─scater::plotReducedDim(...)
  3. │   ├─base::as.matrix(reducedDim(object, dimred))
  4. │   ├─SingleCellExperiment::reducedDim(object, dimred)
  5. │   └─SingleCellExperiment::reducedDim(object, dimred)
  6. │     └─SingleCellExperiment (local) .local(x, type, ...)
  7. │       └─SingleCellExperiment:::.get_internal_character(...)
  8. │         ├─BiocGenerics::updateObject(x)
  9. │         └─SingleCellExperiment::updateObject(x)
 10. │           ├─methods::callNextMethod()
 11. │           └─SummarizedExperiment (local) .nextMethod(object = object)
 12. │             ├─BiocGenerics::updateObject(object@rowRanges, ..., verbose = verbose)
 13. │             └─GenomicRanges::updateObject(object@rowRanges, ..., verbose = verbose)
 14. │               ├─BiocGenerics::updateObject(object@unlistData, ..., verbose = verbose)
 15. │               └─GenomicRanges::updateObject(object@unlistData, ..., verbose = verbose)
 16. │                 └─BiocGenerics::updateObject(object@seqinfo, ..., verbose = verbose)
 17. └─methods:::.extendsForS3(`<chr>`)
 18.   └─methods::extends(Class, maybe = FALSE)
 19.     └─methods::getClassDef(class1)
 20.       └─methods:::.requirePackage(package)
~~~~~~~~~~~~~~~~~~~~~~~~~~~~~~~~~~~~~~~~~~~~~~~~~~~~~~~~~~~~~~~~~~~~~~~~~~~~~~~~

Error: processing vignette 'BLASE-for-excluding-developmental-genes-from-bulk-RNA-seq.Rmd' failed with diagnostics:
unable to load required package 'GenomeInfoDb'
--- failed re-building ‘BLASE-for-excluding-developmental-genes-from-bulk-RNA-seq.Rmd’

--- re-building ‘assign-bulk-to-pseudotime.Rmd’ using rmarkdown
The magick package is required to crop "/home/biocbuild/bbs-3.22-bioc/meat/blase.Rcheck/vign_test/blase/vignettes/assign-bulk-to-pseudotime_files/figure-html/expressionOverPseudotimePlot-1.png" but not available.
Failed with error:  'there is no package called 'GenomeInfoDb''

Quitting from assign-bulk-to-pseudotime.Rmd:135-143 [setupSCEPlot]
~~~~~~~~~~~~~~~~~~~~~~~~~~~~~~~~~~~~~~~~~~~~~~~~~~~~~~~~~~~~~~~~~~~~~~~~~~~~~~~~
<error/rlang_error>
Error in `.requirePackage()`:
! unable to load required package 'GenomeInfoDb'
---
Backtrace:
     ▆
  1. ├─scater::plotUMAP(sce, text_by = "celltype", colour_by = "celltype")
  2. │ └─scater::plotReducedDim(...)
  3. │   ├─base::as.matrix(reducedDim(object, dimred))
  4. │   ├─SingleCellExperiment::reducedDim(object, dimred)
  5. │   └─SingleCellExperiment::reducedDim(object, dimred)
  6. │     └─SingleCellExperiment (local) .local(x, type, ...)
  7. │       └─SingleCellExperiment:::.get_internal_character(...)
  8. │         ├─BiocGenerics::updateObject(x)
  9. │         └─SingleCellExperiment::updateObject(x)
 10. │           ├─methods::callNextMethod()
 11. │           └─SummarizedExperiment (local) .nextMethod(object = object)
 12. │             ├─BiocGenerics::updateObject(object@rowRanges, ..., verbose = verbose)
 13. │             └─GenomicRanges::updateObject(object@rowRanges, ..., verbose = verbose)
 14. │               ├─BiocGenerics::updateObject(object@unlistData, ..., verbose = verbose)
 15. │               └─GenomicRanges::updateObject(object@unlistData, ..., verbose = verbose)
 16. │                 └─BiocGenerics::updateObject(object@seqinfo, ..., verbose = verbose)
 17. └─methods:::.extendsForS3(`<chr>`)
 18.   └─methods::extends(Class, maybe = FALSE)
 19.     └─methods::getClassDef(class1)
 20.       └─methods:::.requirePackage(package)
~~~~~~~~~~~~~~~~~~~~~~~~~~~~~~~~~~~~~~~~~~~~~~~~~~~~~~~~~~~~~~~~~~~~~~~~~~~~~~~~

Error: processing vignette 'assign-bulk-to-pseudotime.Rmd' failed with diagnostics:
unable to load required package 'GenomeInfoDb'
--- failed re-building ‘assign-bulk-to-pseudotime.Rmd’

SUMMARY: processing the following files failed:
  ‘BLASE-for-annotating-scRNA-seq.Rmd’
  ‘BLASE-for-excluding-developmental-genes-from-bulk-RNA-seq.Rmd’
  ‘assign-bulk-to-pseudotime.Rmd’

Error: Vignette re-building failed.
Execution halted

* checking PDF version of manual ... OK
* DONE

Status: 1 ERROR, 1 NOTE
See
  ‘/home/biocbuild/bbs-3.22-bioc/meat/blase.Rcheck/00check.log’
for details.


Installation output

blase.Rcheck/00install.out

##############################################################################
##############################################################################
###
### Running command:
###
###   /home/biocbuild/bbs-3.22-bioc/R/bin/R CMD INSTALL blase
###
##############################################################################
##############################################################################


* installing to library ‘/home/biocbuild/bbs-3.22-bioc/R/site-library’
* installing *source* package ‘blase’ ...
** this is package ‘blase’ version ‘0.99.3’
** using staged installation
** R
** data
** inst
** byte-compile and prepare package for lazy loading
** help
*** installing help indices
*** copying figures
** building package indices
** installing vignettes
** testing if installed package can be loaded from temporary location
** testing if installed package can be loaded from final location
** testing if installed package keeps a record of temporary installation path
* DONE (blase)

Tests output

blase.Rcheck/tests/testthat.Rout


R version 4.5.1 Patched (2025-08-23 r88802) -- "Great Square Root"
Copyright (C) 2025 The R Foundation for Statistical Computing
Platform: x86_64-pc-linux-gnu

R is free software and comes with ABSOLUTELY NO WARRANTY.
You are welcome to redistribute it under certain conditions.
Type 'license()' or 'licence()' for distribution details.

R is a collaborative project with many contributors.
Type 'contributors()' for more information and
'citation()' on how to cite R or R packages in publications.

Type 'demo()' for some demos, 'help()' for on-line help, or
'help.start()' for an HTML browser interface to help.
Type 'q()' to quit R.

> # This file is part of the standard setup for testthat.
> # It is recommended that you do not modify it.
> #
> # Where should you do additional test configuration?
> # Learn more about the roles of various files in:
> # * https://r-pkgs.org/testing-design.html#sec-tests-files-overview
> # * https://testthat.r-lib.org/articles/special-files.html
> 
> library(testthat)
> library(blase)
> 
> test_check("blase")
[ FAIL 0 | WARN 4 | SKIP 0 | PASS 124 ]

[ FAIL 0 | WARN 4 | SKIP 0 | PASS 124 ]
> 
> proc.time()
   user  system elapsed 
 73.273   2.913  79.609 

Example timings

blase.Rcheck/blase-Ex.timings

nameusersystemelapsed
BlaseData-class1.2300.1101.468
MappingResult2.9500.1803.134
annotate_sce1.6580.0261.775
as.BlaseData0.2230.0020.235
assign_pseudotime_bins2.7240.0262.752
bins-getter0.2040.0010.205
calculate_gene_peakedness24.890 0.34825.494
evaluate_parameters13.233 0.15713.443
evaluate_top_n_genes3.9900.0034.020
find_best_params6.8410.1597.009
gene_peakedness_spread_selection22.500 0.24723.057
genes-getter0.2140.0010.250
genes-setter0.2110.0010.217
get_bins_as_bulk1.5750.0081.614
get_top_n_genes0.0010.0000.001
map_all_best_bins2.8430.0373.158
map_best_bin3.4620.0023.468
mapping-result-best-bin-getter3.5330.0593.627
mapping-result-best-correlation-getter2.6180.0022.700
mapping-result-bootstrap-iterations-getter3.0780.0503.136
mapping-result-bulk-name-getter2.7460.0022.788
mapping-result-confident-mapping-getter2.7940.0012.804
mapping-result-history-getter2.8580.0012.941
mapping-result-top-2-distance-getter3.4170.0263.533
plot_bin_population3.0200.0053.097
plot_find_best_params_results5.5630.0365.712
plot_gene_peakedness24.572 0.20825.209
plot_mapping_result7.9690.1108.319
plot_mapping_result_corr2.5780.0012.641
plot_mapping_result_heatmap2.9320.0012.937
pseudobulk-bins-getter0.2970.0000.300
show-MappingResult-method3.0050.0003.045
show_blase_object0.2180.0000.218
smooth_gene22.521 0.10422.962