Back to Build/check report for BioC 3.22:   simplified   long
ABCDEFGHIJKLMNOPQR[S]TUVWXYZ

This page was generated on 2025-10-27 12:45 -0400 (Mon, 27 Oct 2025).

HostnameOSArch (*)R versionInstalled pkgs
kjohnson3macOS 13.7.7 Venturaarm644.5.1 Patched (2025-09-10 r88807) -- "Great Square Root" 4637
Click on any hostname to see more info about the system (e.g. compilers)      (*) as reported by 'uname -p', except on Windows and Mac OS X

Package 2146/2361HostnameOS / ArchINSTALLBUILDCHECKBUILD BIN
structToolbox 1.21.0  (landing page)
Gavin Rhys Lloyd
Snapshot Date: 2025-10-26 13:45 -0400 (Sun, 26 Oct 2025)
git_url: https://git.bioconductor.org/packages/structToolbox
git_branch: devel
git_last_commit: 36d5ff1
git_last_commit_date: 2025-04-15 11:54:06 -0400 (Tue, 15 Apr 2025)
kjohnson3macOS 13.7.7 Ventura / arm64  OK    ERROR  skippedskipped


BUILD results for structToolbox on kjohnson3

To the developers/maintainers of the structToolbox package:
- Allow up to 24 hours (and sometimes 48 hours) for your latest push to git@git.bioconductor.org:packages/structToolbox.git to reflect on this report. See Troubleshooting Build Report for more information.
- Use the following Renviron settings to reproduce errors and warnings.
- If 'R CMD check' started to fail recently on the Linux builder(s) over a missing dependency, add the missing dependency to 'Suggests:' in your DESCRIPTION file. See Renviron.bioc for more information.

raw results


Summary

Package: structToolbox
Version: 1.21.0
Command: /Library/Frameworks/R.framework/Resources/bin/R CMD build --keep-empty-dirs --no-resave-data structToolbox
StartedAt: 2025-10-26 18:10:06 -0400 (Sun, 26 Oct 2025)
EndedAt: 2025-10-26 18:10:28 -0400 (Sun, 26 Oct 2025)
EllapsedTime: 22.3 seconds
RetCode: 1
Status:   ERROR  
PackageFile: None
PackageFileSize: NA

Command output

##############################################################################
##############################################################################
###
### Running command:
###
###   /Library/Frameworks/R.framework/Resources/bin/R CMD build --keep-empty-dirs --no-resave-data structToolbox
###
##############################################################################
##############################################################################


* checking for file ‘structToolbox/DESCRIPTION’ ... OK
* preparing ‘structToolbox’:
* checking DESCRIPTION meta-information ... OK
* installing the package to build vignettes
* creating vignettes ... ERROR
--- re-building ‘data_analysis_omics_using_the_structtoolbox.Rmd’ using rmarkdown
2025-10-26 18:10:24.751 R[51813:551377698] XType: Using static font registry.

Quitting from data_analysis_omics_using_the_structtoolbox.Rmd:251-253 [unnamed-chunk-20]
~~~~~~~~~~~~~~~~~~~~~~~~~~~~~~~~~~~~~~~~~~~~~~~~~~~~~~~~~~~~~~~~~~~~~~~~~~~~~~~~
NULL
~~~~~~~~~~~~~~~~~~~~~~~~~~~~~~~~~~~~~~~~~~~~~~~~~~~~~~~~~~~~~~~~~~~~~~~~~~~~~~~~

Error: processing vignette 'data_analysis_omics_using_the_structtoolbox.Rmd' failed with diagnostics:
Failed to perform HTTP request.
Caused by error in `curl::curl_fetch_memory()`:
! SSL connect error [www.ebi.ac.uk]:
TLS connect error: error:00000000:lib(0):func(0):reason(0)
--- failed re-building ‘data_analysis_omics_using_the_structtoolbox.Rmd’

SUMMARY: processing the following file failed:
  ‘data_analysis_omics_using_the_structtoolbox.Rmd’

Error: Vignette re-building failed.
Execution halted